463
Let a(f) = -26*f**3 + 4*f**2 + 9*f - 5. Let u(l) = 27*l**3 - 5*l**2 - 8*l + 6. Let z(y) = -2*a(y) - 3*u(y). What are the prime factors of z(-3)?
2, 5, 41
Let r(q) = -q**3 - 6*q**2 - 5*q + 2. Let j be r(-5). Let l be (j - 3) + (-2)/((-6)/1203). Suppose 0 = -4*m + 8*m - l. List the prime factors of m.
2, 5
Suppose 7262 = 2*b + 3*q, 18*b - 23*b + 2*q + 18193 = 0. What are the prime factors of b?
3637
Let g(y) = 2*y - 2. Let v be g(3). Let j be ((-4 + 4)/v)/((-1)/1). Suppose -4*h - 14 + 302 = j. What are the prime factors of h?
2, 3
Let q(d) = 41*d + 120. Let p(f) = 44*f + 120. Let i(c) = 6*p(c) - 5*q(c). What are the prime factors of i(20)?
2, 5, 13
Let b be (-2)/(2 + -3) - -3. Let r be -1 + (4 + 1)*1. Suppose -2*i + i = b*z - r, z = -5. List the prime factors of i.
29
Suppose 2*g - 63894 = -12*s, 11*g - 4*s - 159701 = 6*g. What are the prime factors of g?
3, 7, 13
Suppose -3*y + 91 = 121. Let u(s) = -s**3 + s**2 - 7*s - 34. List the prime factors of u(y).
2, 71
Let c(b) = 97*b**3 + 18*b**2 - 20*b - 3. List the prime factors of c(4).
11, 53
Suppose 466599 = 84*z + 42249 - 280242. List the prime factors of z.
2, 3, 233
Let m be (-77 - -1)/(-4)*6. Suppose -2*i + m = 4*s, -42 = -s - i - 4*i. Let v = 95 - s. List the prime factors of v.
2, 17
Let g be 5 + 5*5/25. Suppose 10*s - g*s - 44 = 0. Suppose 0 = 4*i - s - 145. What are the prime factors of i?
3, 13
Suppose 2*x - 4*v = 24, -4*x - v = -4*v - 28. Let z(y) = 10*y**2 + 5*y - 12. What are the prime factors of z(x)?
2, 3, 7
Suppose 9*z = l + 4*z + 9, z - 27 = 3*l. Let v be (-2)/l - (-144)/81. Suppose 3*y = -5*b + 180, -v*y - 101 = -4*b + 21. What are the prime factors of b?
3, 11
Suppose -45*b + 160740 = -8*b - 18*b. List the prime factors of b.
2, 3, 5, 47
Let z(l) = -22*l**3 - 7*l**2 + 50*l - 142. List the prime factors of z(-12).
2, 18133
Suppose 0*n = 3*n - 759. Suppose 493 = -2*l + 731. Let p = n - l. List the prime factors of p.
2, 67
Let l = -9901 - -11691. List the prime factors of l.
2, 5, 179
List the prime factors of (-5)/45*0 + 11478.
2, 3, 1913
Let i be (-11 - -5)/(3/(-3)). Let n be (4 - 51/9)/((-2)/i). Suppose -n*g + g + r = -346, 5*g - 3*r = 436. List the prime factors of g.
2, 43
What are the prime factors of 63808/480 + (-296)/60 + 5?
7, 19
Let h(q) be the first derivative of 0*q + 17*q + 42 - 27 - q**2 - q**2. List the prime factors of h(-8).
7
Let b(k) = -22 + 109*k - 91 + 22 + 74*k. What are the prime factors of b(4)?
641
Suppose -2*h + 1 = -9. Suppose -2*d + 4*d + h*k - 21 = 0, -20 = -2*d - 4*k. Suppose -95 = -d*n + 3*n. What are the prime factors of n?
19
Suppose -19 + 13 = -u. Let d(q) = 361*q**2 - 9*q + 27. Let p be d(u). What are the prime factors of 2/13 - p/(-117)?
3, 37
Suppose 6*a = 9*a - 12. Suppose -246 = -p + 4*h + 88, a*h - 1646 = -5*p. List the prime factors of p.
2, 3, 5, 11
List the prime factors of -68 + 78 - -632*32.
2, 67, 151
Let p(k) = 2*k**2 + 13*k + 2. Let v be 9 - 11/(33/(-18)). What are the prime factors of p(v)?
647
Let c(q) = 2 + 6*q + 12*q + 15*q**2 - 12. List the prime factors of c(-8).
2, 13, 31
Let p(f) = -4 + 1 + 5*f + 3*f + 4*f**2 - 4. Suppose 6*s = -5*s - 77. List the prime factors of p(s).
7, 19
Suppose 11*n - 31230 = 6*n - 5*a, -2*a = -5*n + 31188. List the prime factors of n.
2, 3, 5, 13
Let j(u) = 86*u**3 - 77*u**2 + u + 9. What are the prime factors of j(4)?
5, 857
List the prime factors of 610/(-61) + (-165462)/(6/(-2)).
2, 61, 113
Let r(y) = -y**2 - 1. Let c(a) = -a**3 - 4*a**2 + 7*a + 9. Let g be c(-5). Let x be r(g). List the prime factors of (-3)/((-21)/x) + 2202/14.
157
Let f(m) = 53*m**2 - 3*m. Let c(r) = -10*r**2 - 18*r**2 + 2*r**2 + 2*r. Let h(o) = 5*c(o) + 3*f(o). List the prime factors of h(1).
2, 3, 5
Let m(c) be the first derivative of -1/4*c**4 + 5/2*c**2 - 1 + 7/3*c**3 - 15*c. What are the prime factors of m(6)?
3, 17
Let j = 32 + -51. Let b(q) = -q**2 - 18*q + 16. Let f be b(j). Let u = 10 - f. What are the prime factors of u?
13
Let f = -15094 + 37229. List the prime factors of f.
5, 19, 233
Let m(v) = -v**2 + 21*v + 26. Let s be m(19). Let y be 169/8 + (-8)/s. What are the prime factors of 7 + -3 + y + 1?
2, 13
Let p = -343 - -363. List the prime factors of (-4070)/(-4) + p/40.
2, 509
Let q(l) = 12*l + 36. Let f be 10/((-340)/(-786)) + 4/(-34). List the prime factors of q(f).
2, 3, 13
Let k(v) = -552*v + 288. What are the prime factors of k(-6)?
2, 3, 5
Suppose -l + 52*r + 6494 = 54*r, 0 = -2*l - 5*r + 12995. List the prime factors of l.
2, 3, 5
Suppose 5*i - 16 = 9. Suppose -i*a - 439 = 4*s, a - 2*a = s + 109. What are the prime factors of ((-42612)/s)/(1*(2 + 0))?
3, 67
Let w be (-2)/(-1) - (-432 + -11). Let g be (-13)/(2/(240/(-5))). Let i = w - g. List the prime factors of i.
7, 19
Suppose 2*z + 3*u = -0*z + 6, -2 = -z - u. List the prime factors of 426 - 6 - z/9.
2, 3, 5, 7
Let m = 231 - -1503. Suppose 22*r - 19*r = m. List the prime factors of r.
2, 17
Let s = 10169 - -30623. List the prime factors of s.
2, 5099
Suppose 3*k + n = -k - 1051, -3*k = 4*n + 772. Let s = -147 - k. Let r = 173 - s. What are the prime factors of r?
2, 7
List the prime factors of (-2)/1*((-4)/62 + (-16736371)/2914).
3, 7, 547
Let b = -19 + 64. Let d be 5 + b/(-10) - 2/4. Suppose d = v + 4 - 3, -5*p + v = -526. What are the prime factors of p?
3, 5, 7
Let d(y) = -13*y + 104. Let q be d(8). Suppose -5*g = 5*r - 5775, q = -4*r + 3*g + 4698 - 85. List the prime factors of r.
2, 577
Let o(f) be the first derivative of f**4/4 - f**2/2 + 3*f + 10. Let z be o(0). Suppose z*g + 185 = 8*g. What are the prime factors of g?
37
Let h(n) = -n**2 + 39*n + 1058. List the prime factors of h(38).
2, 137
Suppose 129908 = 17*f - 11821. List the prime factors of f.
3, 7, 397
Suppose -l - 122557 = -2*u, 8*l - 7*l = 5*u - 306394. List the prime factors of u.
233, 263
Let j(s) = s**3 + 92*s**2 + 177*s + 30. List the prime factors of j(-89).
2, 3, 5, 67
Let k = 3738 - 482. Suppose -2*i = -10*i + k. What are the prime factors of i?
11, 37
Let v(y) = -1246*y - 646. What are the prime factors of v(-28)?
2, 3, 13, 439
Let s = 17594 + -4579. List the prime factors of s.
5, 19, 137
Let i(h) = 4*h**2 - 58*h - 23. Let w be i(15). Let f(c) = 6 - 1 - 6*c + 6*c**2 + 2*c**2 - c**3. List the prime factors of f(w).
2, 3
Let z be 20/(-8) + (-5985)/(-2). Suppose z = -728*s + 733*s. List the prime factors of s.
2, 13, 23
Suppose -1439 = -4*r + 3*r. Suppose -u + r = 3*u + 3*l, -2*u = l - 719. Suppose -5*i = k - 0*k - 114, -3*k + 2*i = -u. List the prime factors of k.
7, 17
List the prime factors of 41908 - ((-30)/12)/((-14)/28).
41903
Suppose 4*n - 12 = -5*l + 5, 0 = 2*l + n - 8. Suppose -6 = 2*m, -l*k + 1177 = -11*m + 12*m. List the prime factors of k.
2, 59
Let c(i) be the second derivative of 2*i**4/3 + 5*i**3/3 - 22*i**2 - i - 44. What are the prime factors of c(-15)?
2, 11, 73
Suppose 6*x = 5*s + 8*x - 18545, -s + 3727 = 4*x. Suppose 18*p - s = 4825. What are the prime factors of p?
2, 3, 79
Let v = -58 + 147. Suppose 0 = -v*y + 94*y - 1555. What are the prime factors of y?
311
Let k(f) = -f**3 - 10*f**2 - 6. Let y be k(9). What are the prime factors of y/(-33) + (-20)/(-110)?
47
Let o(w) = -155*w + 5. Let p = -70 + 71. Suppose -3*y + 2*q = p - 0, 3*y - 3*q = 0. List the prime factors of o(y).
2, 5
Suppose -20*o + 103*o - 239245 - 249625 = 0. List the prime factors of o.
2, 5, 19, 31
Let v(u) = 249*u**2 - 75*u + 1158. What are the prime factors of v(15)?
2, 3, 9343
Suppose c - 6*c - 5*h - 330 = 0, 0 = -h. Let r = c + 1. Let k = 135 + r. What are the prime factors of k?
2, 5, 7
Let u(q) = 1 + 2*q - 2*q + 2*q. Suppose -27*w = -28*w - 5*v - 2, 0 = -3*w - v + 8. List the prime factors of u(w).
7
Let n(h) = -h + 7. Let k be n(0). Let u(s) = -s**3 - 41*s**2 + 45*s + 102. Let o be u(-42). What are the prime factors of k*((-8)/2 - o)?
2, 5, 7
What are the prime factors of 2261/38*(-1760)/(-28)?
2, 5, 11, 17
Suppose 5*u = -54 + 9. Let i be (-10)/8*(u/3 - 1). Suppose 3*f - 128 = -3*q + 2*q, -4*f - i*q + 167 = 0. List the prime factors of f.
43
Suppose 8*n - 60 = 5*n. Let v be 1485/105 - (-1)/(-7). Let r = v + n. What are the prime factors of r?
2, 17
Let t = -6 + 10. Let g be 8/(-5)*(-4 + 6/t). Suppose 0 = g*c - 0*c - 520. What are the prime factors of c?
2, 5, 13
Let c = -400 - -